?
3
Let d(o) = -2*o**3 - 3*o**2 - o - 1. Let r be d(-2). Suppose 7*f - 2*f - 35 = 0. Suppose 2*x - f*x + 20 = r*p, -2*p + 6 = x. What are the prime factors of x?
2
Let v(g) = 5*g**2 + 11*g + 8. List the prime factors of v(10).
2, 3, 103
Let c(p) = -p**3 + 10*p**2 + 4. Suppose 48 = 4*q + 8. What are the prime factors of c(q)?
2
Suppose 2*s = 6*s + 48. What are the prime factors of s*-1*(-1)/(-2)?
2, 3
Let u(i) = i**2 + 11*i + 2. Let j be u(-11). Suppose -3*p = 2*a - 21 - 15, -2*p - j*a + 26 = 0. Suppose -p*y = -8*y - 24. What are the prime factors of y?
2, 3
Let j(z) = 115*z - 211. What are the prime factors of j(15)?
2, 757
Let z = 350 - 155. What are the prime factors of z?
3, 5, 13
Let z(m) = 3*m**2 - m + 2. Let l be z(1). Suppose 3*d - 2*u = 291, 3*d = -d + l*u + 392. What are the prime factors of d?
5, 19
Suppose -4*p + 11 - 3 = 0, -j + 1 = -5*p. Suppose b - j = 29. List the prime factors of b.
2, 5
Let x(c) = 17*c**3 - c. Let l(v) = -v**3 - 8*v**2 - 3*v - 1. Let r(n) = n + 1. Let b(i) = l(i) - 5*r(i). Let u be b(-7). What are the prime factors of x(u)?
2
Suppose 0 = -3*d - 4*l + 767, 8 = 20*l - 22*l. List the prime factors of d.
3, 29
Let v(y) = -22*y - 3. Let k be v(-2). Let s = 287 - k. Suppose 2*n - 150 = -2*l - l, 2*n - s = -5*l. What are the prime factors of l?
2, 3
Let x(w) = -w**3 + 26*w**2 - 16*w + 3. List the prime factors of x(12).
3, 7, 29
Let y be ((-9)/(-3) + -5)*-3. Suppose -y*a - 15 + 603 = 0. List the prime factors of a.
2, 7
Let w(b) = 2*b**2 + 84*b + 529. List the prime factors of w(-7).
3, 13
Let r = 10 - 13. Let c be (6/5)/(r/45). Let u = 32 + c. List the prime factors of u.
2, 7
Let r = 715 - 422. Suppose r + 253 = 3*f. What are the prime factors of f?
2, 7, 13
Let z(h) = -52*h**2 - h + 3. Let d be z(2). Let s = d - -295. What are the prime factors of s?
2, 11
Suppose -15*p + 2*p = 78. Let s(y) = -26*y + 15. What are the prime factors of s(p)?
3, 19
Let a = -61 - -58. Let v = a + 44. What are the prime factors of v?
41
Let c(i) = -i**3 + 6*i**2 - i - 6. Let l be c(6). Let r = 14 + l. Suppose -r*u = -4*u + 40. List the prime factors of u.
2, 5
Let q = 312 - -161. What are the prime factors of q?
11, 43
Suppose 32*n - 29*n - 918 = 0. List the prime factors of -7*((-2)/(-6))/((-6)/n).
7, 17
Let m = 4987 - 3512. List the prime factors of m.
5, 59
Let k be 18/10 + (-9)/(-45). Suppose -4*a + a - 2*b + 8 = 0, 2*a + 12 = 3*b. Suppose -p + 26 - k = a. What are the prime factors of p?
2, 3
Suppose -3*i = 3*k + 405, 3*i = 3*k + 500 - 125. Let f = -436 - -254. Let n = k - f. What are the prime factors of n?
2, 13
Let z(n) = 1 + 1 + 0 + 2*n. Let s be z(1). Suppose -s*y - 5 = y, 2*q = -5*y + 7. List the prime factors of q.
2, 3
Let v(j) = j + 13. Let u be v(9). Suppose -u + 126 = s. What are the prime factors of s?
2, 13
Let g = -30 - -67. List the prime factors of g.
37
Let z(d) be the third derivative of 7*d**6/120 - d**5/60 - d**4/12 - 7*d**2. Let x be z(-2). Let s = -20 - x. What are the prime factors of s?
2, 3
Suppose 126271 = 85*o - 132894. List the prime factors of o.
3049
Suppose -5*j + 26 - 2 = 3*q, 3*q + 6 = 5*j. Let s(f) = -2*f**3 - f + 4*f**3 + f**j + 2*f**2. List the prime factors of s(1).
2
Suppose -36 = -7*r - 1. Let j(p) = r + 2*p - 15*p**3 - p**2 + 0 - p - 4. What are the prime factors of j(-1)?
2, 7
Let i(k) = -k + 10. Let s be (-4)/((-2 + 10)/(-4)). Suppose 0 = s*m - m + 5. What are the prime factors of i(m)?
3, 5
Suppose -4*o + 372 = -440. Let y = 368 - o. Suppose l + 2*l = y. What are the prime factors of l?
5, 11
Suppose -275 = 5*q - 10*q. Suppose -68 = -a + q. List the prime factors of a.
3, 41
Let h be (774/45)/((-4)/(-10)). Suppose -k + h + 155 = 0. List the prime factors of k.
2, 3, 11
Let y = -162 + -25. Let s = -105 - y. List the prime factors of s.
2, 41
Let j be (3/(-2))/(36/(-696)). Let z = 13 - j. Let u = z - -72. List the prime factors of u.
2, 7
Let h(d) = 7*d**2 - 82*d + 14. List the prime factors of h(-8).
2, 13, 43
Let q be (-10)/35*(4 + -32). Suppose 10*u - 204 = q*u. What are the prime factors of u?
2, 3, 17
Let p = 14 - 20. List the prime factors of (-11)/(3 + 20/p).
3, 11
Suppose -3*d + 3*i + 18105 = 0, -i - 18115 = 193*d - 196*d. What are the prime factors of d?
2, 5, 151
Let a = 139 + -271. Let k = -55 - a. What are the prime factors of k?
7, 11
Suppose 0 = 7*u - 5154 - 3848. What are the prime factors of u?
2, 643
Let w = 2 + 8. Let r be w/(-35) + 30/7. Suppose -4*z - 5*f = -86, 0 = -4*z + z + r*f + 49. List the prime factors of z.
19
Let d(j) = j**3 + 19*j**2 + 2. Let h be d(-19). List the prime factors of -1 + (-2)/h - -55.
53
Let q(j) = -106*j + 13. What are the prime factors of q(-4)?
19, 23
Suppose -112 = -5*q + 1663. List the prime factors of q.
5, 71
Suppose 2*x - 3 = -c, 5*c + 0*c + 9 = -2*x. List the prime factors of (161/14)/(x/6).
23
Let l = 1414 - 412. List the prime factors of l.
2, 3, 167
Let i(o) = 5*o**3 - o**2 - o + 1. Let l be i(2). Let x = l - 25. Suppose g + g = x. What are the prime factors of g?
5
Let b(j) = 10*j - 16. Let w be b(7). List the prime factors of (272/(-102))/(1 - 58/w).
2, 3
Suppose 4*k = -5*p + 36, 0*k - k + 3*p = 8. What are the prime factors of 1 + 17 + k - -4?
2, 13
Let p(s) = 29*s - 17. Let n be 12/8*(16/6 + 0). List the prime factors of p(n).
3, 11
Let b(y) = -y**3 - 7*y**2 + 9*y + 11. Let k be b(-8). Suppose -c + 94 = 5*n, -n + 0*c - k*c = -16. List the prime factors of n.
19
Let f be (-3 - 1)*-1 + 16. Suppose -9 = -3*s - z + 6, f = 4*s - 2*z. Suppose 5*i - 39 = -m, -s*m + 5*i - 94 = -259. List the prime factors of m.
2, 17
Let k(z) be the third derivative of 49*z**4/24 - 27*z**3/2 + 36*z**2. List the prime factors of k(8).
311
Suppose -2*k - f + 1551 = 0, 2343 = 3*k - 0*f - 4*f. Suppose 3*m - 312 = -2*y + m, 5*y - k = -2*m. List the prime factors of y.
5, 31
Let l(y) = -13*y + 0 - 7 + 5*y - 5. Let u(k) = k**2 + 11*k + 5. Let t be u(-10). What are the prime factors of l(t)?
2, 7
Suppose 115 = -5*y + 435. Let q = y + -38. List the prime factors of q.
2, 13
Let x = 217 + 2567. What are the prime factors of x?
2, 3, 29
List the prime factors of (-19677660)/(-5805) + (7/(-9) - -1).
2, 3, 5, 113
List the prime factors of (0 - -18)/(-15 + (-5572)/(-371)).
2, 3, 53
Suppose 45*n - 24334 = 49781. List the prime factors of n.
3, 61
Suppose 16 = -6*o + 14*o. List the prime factors of ((-4)/o)/((-8)/268).
67
Let o(k) = 10*k + 15 - 15. Let v be o(-2). List the prime factors of (-108)/(-15)*v/(-6).
2, 3
Let v(p) = -13*p - 7. Let f(u) = u - 9. Let s be f(9). Suppose 0*a - 4*a - 12 = s. What are the prime factors of v(a)?
2
Let y(r) = 68*r**3 + 9*r**2 - 15*r. What are the prime factors of y(4)?
2, 1109
Let x be 3 - 24 - 1*-1. List the prime factors of (294/(-35))/(6/x).
2, 7
Suppose 2*h = -2*o + 210 + 840, -h + 521 = 3*o. What are the prime factors of h?
17, 31
Suppose -5*a + 150 = 5*s, 5*s - 4*s - a - 32 = 0. Let i be (5 - 115/(-10))*1*6. Let k = i - s. List the prime factors of k.
2, 17
Let v(z) = z**2 + 2*z - 4. Let g(w) = -2*w - 8. Let p be g(-4). Let k = p - -5. List the prime factors of v(k).
31
Suppose 0 = 11*q + 2419 - 11934. List the prime factors of q.
5, 173
Let l(o) = -6*o**2 + 46*o + 20. Let n(v) = -5*v**2 + 45*v + 19. Let f(d) = 3*l(d) - 4*n(d). List the prime factors of f(23).
2, 19
Let j(r) = -46*r - 28. What are the prime factors of j(-7)?
2, 3, 7
Let i(n) = -n**3 - 25*n**2 - 5*n + 15. Suppose -4*k + 24 = -3*y - 43, 3*y = 3*k - 69. List the prime factors of i(y).
2, 5, 7
Let j = -250 + 427. Let x = 302 - j. List the prime factors of x.
5
Let v(g) = -g**2 - 13*g + 40. List the prime factors of v(-13).
2, 5
Suppose b = -4*b. Let z be -4 - 9 - (2 - 0). Let c = b - z. What are the prime factors of c?
3, 5
Let n = 43 - -3. Suppose -l = -2*s + 3, 4*s + 2 - 17 = 5*l. Suppose s = -i - i + n. List the prime factors of i.
23
Let h be 198/77 - (-8)/(-14). Suppose 5*p - 5*t + 5 = 0, -9 = p - 3*t - 2*t. What are the prime factors of (h/5)/(p/5)?
2
Let q(a) = 59*a**2 + 6*a + 4. List the prime factors of q(-6).
2, 523
Suppose q = 2*q - 1. Let y(f) = -f**2 + f - 2. Let j be y(q). List the prime factors of 6 + (j - 0) - -1.
5
Let s(h) = 44*h - 41. What are the prime factors of s(15)?
619
Let z = -5897 + 8613. List the prime factors of z.
2, 7, 97
What are 